ist the prime factors of 938290886.
2, 13, 36088111
What are the prime factors of 1412291585?
5, 101, 2796617
List the prime factors of 613826665.
5, 122765333
List the prime factors of 554881002.
2, 3, 13, 67, 89, 1193
What are the prime factors of 95090563?
95090563
What are the prime factors of 47108147?
47, 97, 10333
What are the prime factors of 1286271854?
2, 7, 13125223
What are the prime factors of 1301682173?
11, 53, 103, 409
List the prime factors of 76766815.
5, 17, 593, 1523
List the prime factors of 429778114.
2, 214889057
What are the prime factors of 25223268?
2, 3, 7, 300277
What are the prime factors of 746266832?
2, 23, 2027899
List the prime factors of 145626933.
3, 31, 277, 5653
List the prime factors of 2058127214.
2, 11, 13, 1787, 4027
What are the prime factors of 29824490?
2, 5, 19, 156971
List the prime factors of 1789961092.
2, 447490273
What are the prime factors of 5773758?
2, 3, 19, 50647
What are the prime factors of 396043781?
7, 17, 61, 54559
What are the prime factors of 35253734?
2, 29, 607823
What are the prime factors of 113871718?
2, 37, 1538807
List the prime factors of 185890250.
2, 5, 7, 13, 8171
List the prime factors of 1369775991.
3, 1933, 236209
What are the prime factors of 2230814831?
7, 3259, 97787
What are the prime factors of 85664742?
2, 3, 23, 620759
List the prime factors of 44822395.
5, 8964479
What are the prime factors of 857462488?
2, 29, 421, 8779
What are the prime factors of 323779942?
2, 101, 409, 3919
List the prime factors of 46080824.
2, 5760103
List the prime factors of 64545337.
19, 23, 127, 1163
List the prime factors of 665324238.
2, 3, 59, 157, 11971
List the prime factors of 808136289.
3, 3001, 29921
What are the prime factors of 898079?
7, 13, 71, 139
What are the prime factors of 93420114?
2, 3, 47, 331277
What are the prime factors of 399178503?
3, 43, 343823
What are the prime factors of 70857456?
2, 3, 953, 1549
List the prime factors of 36991933.
11, 53, 107, 593
List the prime factors of 357023881.
357023881
What are the prime factors of 162450721?
29, 89, 113, 557
List the prime factors of 345801030.
2, 3, 5, 11526701
List the prime factors of 585166120.
2, 5, 7, 11, 189989
List the prime factors of 44086951.
89, 495359
What are the prime factors of 26223801?
3, 29, 301423
List the prime factors of 1728481597.
421, 4105657
What are the prime factors of 606793999?
7, 29, 167, 2557
List the prime factors of 120582727.
9151, 13177
What are the prime factors of 266499114?
2, 3, 7, 23, 109, 2531
What are the prime factors of 12294992?
2, 768437
List the prime factors of 90080997.
3, 523, 57413
List the prime factors of 4551678923.
11, 17, 227, 107227
List the prime factors of 78277585.
5, 757, 20681
What are the prime factors of 1239954847?
1239954847
What are the prime factors of 154813575?
3, 5, 7, 23, 12821
List the prime factors of 674914101.
3, 277, 367, 2213
What are the prime factors of 519890622?
2, 3, 86648437
List the prime factors of 172503351.
3, 2129671
List the prime factors of 517218120.
2, 3, 5, 1051, 1367
List the prime factors of 223074287.
223074287
What are the prime factors of 1865197755?
3, 5, 17, 431, 5657
What are the prime factors of 266301450?
2, 3, 5, 113, 5237
List the prime factors of 46232634.
2, 3, 7, 1100777
What are the prime factors of 226560775?
5, 7, 1294633
What are the prime factors of 196843874?
2, 1913, 51449
List the prime factors of 139902146.
2, 17, 23, 178903
What are the prime factors of 57007113?
3, 1709, 11119
List the prime factors of 1875912901.
73, 25697437
What are the prime factors of 1374624840?
2, 3, 5, 11455207
List the prime factors of 55977159.
3, 7, 380797
What are the prime factors of 406853267?
29, 14029423
List the prime factors of 1899241298.
2, 2081, 456329
What are the prime factors of 25223807?
7, 3603401
List the prime factors of 233771725.
5, 11, 19, 44741
What are the prime factors of 2281973493?
3, 43, 1951, 9067
What are the prime factors of 1188893471?
283, 1117, 3761
What are the prime factors of 1767071703?
3, 29, 31, 109, 6011
List the prime factors of 1585973867.
59, 173, 155381
What are the prime factors of 902543310?
2, 3, 5, 371417
What are the prime factors of 1015409543?
23, 44148241
List the prime factors of 840897658.
2, 73, 317, 18169
List the prime factors of 1369249897.
233, 5876609
What are the prime factors of 87386258?
2, 107, 408347
What are the prime factors of 109278138?
2, 3, 2099, 8677
List the prime factors of 146964499.
11, 13360409
What are the prime factors of 324629445?
3, 5, 7, 1103, 2803
List the prime factors of 396354394.
2, 198177197
What are the prime factors of 31992108?
2, 3, 113, 23593
List the prime factors of 919771669.
919771669
What are the prime factors of 150958287?
3, 19, 97, 479
What are the prime factors of 29397898?
2, 14698949
List the prime factors of 334425765.
3, 5, 22295051
What are the prime factors of 2006258862?
2, 3, 5387, 62071
What are the prime factors of 14683365?
3, 5, 269, 1213
What are the prime factors of 73399663?
181, 599, 677
List the prime factors of 472054446.
2, 3, 8741749
List the prime factors of 131435192.
2, 7, 29, 80933
List the prime factors of 1580952842.
2, 7, 17, 6642659
What are the prime factors of 264844524?
2, 3, 7, 3152911
List the prime factors of 63660457.
7, 185599
What are the prime factors of 2184464280?
2, 3, 5, 18203869
What are the prime factors of 48244337?
37, 173, 7537
List the prime factors of 101560179.
3, 7, 701, 6899
What are the prime factors of 865584502?
2, 127, 3407813
What are the prime factors of 272382468?
2, 3, 23, 43, 59, 389
What are the prime factors of 22092314?
2, 59, 187223
What are the prime factors of 1704920610?
2, 3, 5, 56830687
List the prime factors of 21591976.
2, 7, 385571
List the prime factors of 66532032.
2, 3, 7, 29, 569
List the prime factors of 17245410.
2, 3, 5, 7, 13, 6317
List the prime factors of 50495593.
17, 2970329
List the prime factors of 210333141.
3, 23370349
List the prime factors of 21492480.
2, 3, 5, 29, 193
List the prime factors of 166572728.
2, 7, 2974513
What are the prime factors of 287142481?
157, 1828933
List the prime factors of 31430751.
3, 11, 29, 32843
List the prime factors of 31397897.
839, 37423
List the prime factors of 8465369.
11, 769579
What are the prime factors of 47931888?
2, 3, 113, 8837
List the prime factors of 580588614.
2, 3, 10751641
List the prime factors of 1131335321.
113, 167, 59951
What are the prime factors of 616372704?
2, 3, 89, 139, 173
List the prime factors of 2048418989.
103, 19887563
What are the prime factors of 255242138?
2, 41, 3112709
List the prime factors of 41785389.
3, 19, 1429
What are the prime factors of 37792373?
37792373
What are the prime factors of 70159282?
2, 41, 855601
List the prime factors of 39516093.
3, 23, 21211
What are the prime factors of 454268429?
454268429
What are the prime factors of 143354835?
3, 5, 13, 37, 179
List the prime factors of 535480134.
2, 3, 7, 233, 7817
List the prime factors of 1225953273.
3, 408651091
What are the prime factors of 95878460?
2, 5, 4793923
What are the prime factors of 23547895?
5, 7, 173, 3889
List the prime factors of 1298112940.
2, 5, 61, 67, 15881
List the prime factors of 79698362.
2, 1031, 38651
List the prime factors of 444536358.
2, 3, 7, 659, 16061
List the prime factors of 882632480.
2, 5, 5516453
List the prime factors of 115209540.
2, 3, 5, 19, 197
List the prime factors of 16611355.
5, 41, 81031
List the prime factors of 684982458.
2, 3, 23, 1654547
List the prime factors of 18336258.
2, 3, 199, 5119
What are the prime factors of 28950739?
43, 673273
What are the prime factors of 1174614624?
2, 3, 4078523
What are the prime factors of 1429633536?
2, 3, 109, 8539
What are the prime factors of 3538338133?
11, 321667103
What are the prime factors of 1427675079?
3, 17, 2903, 9643
What are the prime factors of 1465187552?
2, 1213, 37747
What are the prime factors of 664127528?
2, 3083, 26927
List the prime factors of 487837157.
199, 2451443
What are the prime factors of 914110398?
2, 3, 53, 101, 179
What are the prime factors of 884483480?
2, 5, 17, 1300711
What are the prime factors of 375687496?
2, 46960937
List the prime factors of 43408194.
2, 3, 18